is the greatest common divisor of 11 and x?
11
Let j(n) = -9*n**2. Let f(y) = y + 5. Let k be f(-6). Let u be j(k). Let g be ((-6)/u)/(2/15). What is the greatest common divisor of 5 and g?
5
Let f = -48 + 68. Let j be (-8960)/(-180) - (-2)/9. Calculate the highest common divisor of j and f.
10
Suppose -3*m + 76 = m. Let g be 6/2*(-418)/(-33). What is the greatest common divisor of m and g?
19
Let f = -39 - -55. What is the highest common factor of f and 144?
16
Suppose 0*d + 4*d - 32 = 0. Let p be 231/(-4)*d/(-3). What is the greatest common divisor of 14 and p?
14
Suppose -x + 2*x = 56. Suppose -4*t + 34 = -22. Calculate the greatest common divisor of x and t.
14
Let m(s) = -s**2 - 7*s + 5. Let d be m(-6). Suppose 3*c - c = -6, 0 = 2*x - 2*c - 8. Suppose 2*z - x = d. Calculate the highest common divisor of z and 24.
6
Let i(u) = 6*u**2 + 11 - 4 - 5*u**2 + 4*u. Let b be i(-3). Calculate the highest common divisor of b and 12.
4
Let y be (27 - -4) + 2*2/(-4). Let n be (-3)/(2*(-2)/(-8)). Let g(o) = -3*o - 3. Let h be g(n). What is the greatest common divisor of h and y?
15
Suppose 4*w = 12 - 0. Suppose 446 = 4*p - 2*f, p + w*p = 3*f + 445. Calculate the greatest common factor of p and 14.
14
Suppose 4*h + 2*u + u = 11, 8 = 4*h + 4*u. Suppose -2*w = 1 - h. What is the greatest common factor of w and 22?
2
Let x be 7 - (4 + -4)/4. Let d be ((-1)/2)/(2/(-12)). Suppose -d*j + 25 = 4. What is the greatest common factor of j and x?
7
Let p(b) be the second derivative of -b**4/12 + 5*b**3/6 + b**2/2 + b. Let i be p(4). What is the highest common divisor of i and 55?
5
Suppose 2*q = -4*z + 60 + 22, 0 = -3*q + 5*z + 145. What is the greatest common factor of q and 5?
5
Suppose -k + 2*w = 10 + 4, -5*w - 7 = k. Let v = -8 - k. Let l be -8*(v + 2)/(-3). Calculate the greatest common factor of l and 48.
16
Suppose 11*u - 48 - 194 = 0. Calculate the highest common factor of 242 and u.
22
Suppose 0 = -2*y + 5 + 7. Calculate the highest common factor of y and 12.
6
Let g = -198 + 346. Calculate the highest common divisor of 222 and g.
74
Suppose 0 = -17*o + 277 - 22. What is the highest common factor of o and 60?
15
Let k be (16/12)/(20/105). What is the highest common factor of k and 21?
7
Let p(u) = 3*u**3 + 2*u**2 - 1. Let n be p(2). Let j = 39 + n. Suppose 0 = k + 4*k - j. Calculate the highest common divisor of 2 and k.
2
Let q be (2 - 1)/(2/48). What is the highest common divisor of 6 and q?
6
Suppose -5*q + 4 = -11. Let t = -49 + 50. Calculate the highest common factor of q and t.
1
Let u = -10 - -6. Let m = u - -8. Suppose 2*w + 3*c = 20 + 24, -m*c = -8. Calculate the greatest common factor of 76 and w.
19
Suppose -11*n + 321 = -427. What is the greatest common divisor of 4 and n?
4
Let n = -138 + 26. Let f = n - -208. Let j = 0 + f. Calculate the greatest common factor of 24 and j.
24
Suppose 0 = -4*x + 4*p + 60, 0 = -x + 2*p + 8 + 6. Let y be (-1)/(1 - (-6)/(-4)). Let m be (0 - 1) + 98/y. What is the highest common divisor of m and x?
16
Let k(s) = -s + 5. Let g be k(3). What is the highest common divisor of 22 and g?
2
Let g = 47 - 34. Suppose -2*h = 3*k - 105 - 115, 3*h - 4*k - 296 = 0. Calculate the greatest common divisor of g and h.
13
Suppose 4*h + 4*g - 192 = 0, 6*h = h + 2*g + 240. Calculate the greatest common factor of h and 24.
24
Let h(a) = a**3 - 11*a**2 + 10*a. Let l be h(10). Suppose 4*c - 2*d - 46 = -d, l = c - 3*d - 17. What is the highest common factor of c and 88?
11
Suppose 6*q - 7*q + 2 = 0. Let z be (5 - 8)/(q/(-10)). Calculate the highest common factor of z and 120.
15
Suppose -2*m - 2*m = -56. Let r(y) = -y**3 + 3*y**2 - 3*y + 1. Let f be r(2). Let q = 8 + f. What is the greatest common divisor of q and m?
7
Let a(g) = g**3 - 3*g**2 + 3*g + 1. Let b be a(3). Let o = -1 + 4. Suppose 2*s + o*s = 100. Calculate the highest common factor of b and s.
10
Let z(t) = -9*t + 5. Let j be z(-3). Let h(x) = -x**2 - 4*x - 3. Let l be h(-3). Suppose l = -a - 9 + j. Calculate the greatest common divisor of a and 23.
23
Let j = 99 - 16. Let o = j - 3. What is the highest common divisor of o and 32?
16
Suppose 4*p + 0*p = 8. Let y be p/6 - (-268)/6. What is the highest common factor of 30 and y?
15
Let x be 54*((-1)/3 + 3). Suppose 5*g + x = 9*g. What is the highest common divisor of g and 9?
9
Suppose 165*t - 166*t = -8. What is the highest common factor of 32 and t?
8
Let p be (128 - 1) + (-12 - -11). Calculate the greatest common divisor of p and 9.
9
Let x(s) = -6*s**3 - s**2. Let i be x(-1). Suppose 5*v - 85 = i*a, 3*a = -3 - 9. What is the greatest common factor of v and 39?
13
Suppose y - 3*y - 36 = 0. Let v = y - -27. What is the highest common factor of 36 and v?
9
Let t = 34 + -28. What is the greatest common factor of t and 15?
3
Let j be (-1146)/(-24) - 1/(-4). What is the greatest common divisor of j and 8?
8
Suppose -2*w + 5*w = 225. Let a = 121 - w. What is the highest common divisor of a and 69?
23
Suppose -6 = i + 2*i, -3*s + 467 = -4*i. Calculate the highest common divisor of s and 9.
9
Suppose -2*c = -3 - 5. What is the highest common factor of c and 8?
4
Suppose 2*t = -5*k + 44, 22 = 4*k - 0*t - 5*t. What is the greatest common factor of 40 and k?
8
Let s(m) = -26*m + 2. Let q be s(-5). Suppose 8*d + 5*d - 156 = 0. What is the highest common factor of q and d?
12
Suppose -t = -5*t + 36. Calculate the highest common divisor of t and 63.
9
Suppose -z = -k + 2*k - 11, -k + 2*z = -17. What is the greatest common factor of k and 104?
13
Suppose 4*s - 11 + 3 = 0. Suppose -44 = -s*b + 5*r, 2*b - 44 = -r + 4*r. What is the highest common factor of 11 and b?
11
Let u(x) = x**3 - x**2 - 3*x - 3. Let y be u(7). Calculate the greatest common factor of 54 and y.
54
Let z = -113 + 197. What is the greatest common factor of 21 and z?
21
Let p(a) = -a**2 + 7*a + 1. Let z be p(6). Let g = -193 + 108. Let q = g + 134. Calculate the highest common factor of z and q.
7
Suppose -53 + 200 = -3*n. Let k = n + 137. What is the greatest common divisor of 11 and k?
11
Let p(j) = 20*j**2 - 2. Let o be p(-3). Let u be (-4)/(-14) - o/(-14). Let c be (-100)/(-2) + 1 + 1. What is the highest common factor of c and u?
13
Let d be (14/(-21))/((-2)/30). What is the highest common divisor of d and 80?
10
Let x be (45/(-5))/(2/(-2)). Suppose 0 = 2*d - 41 + x. Calculate the highest common factor of 16 and d.
16
Let l(z) = -z**3 - 4*z**2 + z - 34. Let s be l(-6). What is the highest common factor of s and 8?
8
Suppose 11 = -3*y + 35. Suppose 0 = -3*i + 168 - 12. Suppose 2*v - 10 = 0, 2*d + i = 5*d - 4*v. Calculate the greatest common factor of y and d.
8
Let r(h) = -h + 3. Let m be r(2). Let g(j) = 193*j - 1. Let t be g(m). Let o = t + 0. What is the highest common factor of o and 24?
24
Suppose -5*q + 40 = -920. What is the highest common divisor of q and 24?
24
Let z be 37/2 - 2/4. Calculate the greatest common factor of z and 27.
9
Let u be (-9)/63 - 6/7. Let t be ((-1)/u)/(3/324). Calculate the greatest common factor of 27 and t.
27
Let o(s) = s**2 - 7*s - 5. Let h be o(9). Suppose 0 = -5*u + 44 - 14. Let c be (52/u)/(6/9). What is the highest common factor of c and h?
13
Let v(p) = 19*p - 10. Let y be v(5). Suppose 3*u - 2*c + 0*c - y = 0, u - 17 = -5*c. Calculate the greatest common divisor of 81 and u.
27
Suppose -2*g + 16 = 2*g. Suppose 5 = 8*t - 27. What is the greatest common divisor of t and g?
4
Let v = 2 + -4. Let o be 30 - 3 - (-4)/v. What is the greatest common factor of o and 10?
5
Let j(m) = 97*m**2 - 2*m + 1. Let g be j(1). Suppose 5*l + 84 = c, -3*c + 2*l + 188 = 3*l. What is the greatest common factor of c and g?
32
Let v be (6/9)/(6/63). Let h(p) = -p**2 + 9*p - 9. Let x be h(v). Calculate the greatest common factor of x and 45.
5
Let n be (-3)/(-2 - (-3 + 2)). Suppose j - 115 = -n*f, 5*f - 3*j + 13 = 214. Let k = -22 + f. Calculate the highest common divisor of k and 17.
17
Let s be (-1 - -5)/((-2)/(-3)). Suppose 3*u = 4*x + x - 159, -3*x = -5*u - 105. Calculate the highest common factor of s and x.
6
Let t be 1*-30*1*-1. Suppose -x = -12 - 12. Let a be 356/x + 2/12. What is the highest common divisor of a and t?
15
Suppose -2*r + 3*h = -5*r + 9, -4*h + 6 = r. Suppose r*p = p + 10. Suppose 4*o - 3*a - 72 = 2*o, -o + 10 = 5*a. What is